
Let q(f) = 14*f**2 + 9*f - 4. Let j(l) = -28*l**2 - 21*l + 7. Let y(u) = 2*j(u) + 5*q(u). Determine y(2).
56
Let p(n) = n**3 - 6*n**2 + n + 6. Suppose 0 = 20*j + 292 - 92. Let z be (-6)/7*35/j*2. Give p(z).
12
Let r(q) be the third derivative of -17*q**5/60 + q**4/24 - q**2. Let k = 106 + -115. Let v be (3/k)/(-6*(-2)/36). Calculate r(v).
-18
Suppose 0*x - 8 = -x + 4*i, 2*x + 4*i = -8. Let n be 1 - (x + 1) - (1 - 2). Suppose -4*m + 3*y = 5, m - 2*y + n = -4*m. Let g(w) = -7*w. Determine g(m).
-7
Let c(m) = -2*m - 2. Let g = 67 - 27. Let r = -42 + g. Determine c(r).
2
Let v(q) = -q**2 + 3*q + 80. Let k(x) = 2*x**2 - 5*x - 172. Let a(m) = -4*k(m) - 9*v(m). Give a(11).
12
Let v(o) = -5654*o + 2820*o + 39 + 2843*o. Calculate v(-7).
-24
Suppose 48 = u + 7*u. Suppose -3*b = -b - u. Let m(s) = -s**2 + b + 4 + 0 - 3*s. Determine m(-5).
-3
Let c(a) be the third derivative of -a + 0 - 11*a**2 - 1/24*a**4 + 1/3*a**3. Determine c(9).
-7
Let w(x) be the third derivative of -x**6/360 + 3*x**5/40 + 13*x**4/24 - 28*x**2. Let g(r) be the second derivative of w(r). Let c = 30 - 37. Calculate g(c).
23
Suppose -57 = 23*l - 18*l - 3*n, 2*n = 5*l + 53. Let r(g) = 35*g + 318. Determine r(l).
3
Let r(h) = 2*h + 16. Suppose 131*s - 130*s + 8 = 2. Give r(s).
4
Let x be 1 - (12/24 - (-5 - -1)/12). Let k(j) be the second derivative of -9/2*j**2 + x*j**3 + 0 - 45*j. What is k(4)?
-5
Let t(p) = -8*p**2 - 22*p + 172 + 4*p - 157 - 10*p - p. Give t(-4).
3
Let v(d) be the second derivative of -d**5/20 - 2*d**4/3 + 5*d**3/6 + 17*d**2 + 1187*d. Give v(-8).
-6
Let u(f) = -14*f + 130. Let m(j) = 7*j - 54. Let w(o) = 9*m(o) + 4*u(o). What is w(-5)?
-1
Let n(l) be the first derivative of -5/3*l**3 + 5 - 1/2*l**2 - l. Give n(-2).
-19
Let u(s) = -7*s**3 + 6*s**2 - 6*s - 1. Let o(g) = -g**3 - g**2 + g. Let n(k) = 6*o(k) + u(k). Suppose 2*h + h = -9, 45 = w - h. Let r = w - 43. Calculate n(r).
12
Let j(y) = 4637 - 19*y - 9271 + 4635. Determine j(4).
-75
Let a(b) = -b**3 + 2*b + 1. Let q = 655 - 653. Give a(q).
-3
Suppose 7*g + 39 = 102. Let s(a) = -a**2 - 2*a + 5*a - 2 + 5*a. Determine s(g).
-11
Let u(v) be the second derivative of v**4/12 + v**3/2 - 11*v**2/2 - 5036*v. Determine u(-6).
7
Suppose -326*b - 68*b + 6698 = 0. Let k(x) = -x**2 - 7*x + 411. Calculate k(b).
3
Let i(j) = 3*j - 15*j**2 + 7*j**2 + 7*j**2 + j. Determine i(-4).
-32
Let m(w) = -3*w. Suppose 0 = 11*p - 6*p - 5. Let v(x) = 12*x + p - 54*x + 26*x. Let b(c) = -11*m(c) + 2*v(c). Calculate b(-3).
-1
Let o be 245/13 - 25/(2275/(-14)). Let b(w) = 5*w - w**2 + 22 + 11*w + 2*w + 0*w**2. Let q be b(o). Let i(z) = -z**3 + 2*z**2 + 3*z + 2. What is i(q)?
2
Let r(a) = a**3 - a**2 + a - 30. Suppose 21*u = -91*u + 31*u. Calculate r(u).
-30
Let y be 6/4 - 1/2. Let x(p) = 9*p**3 + y + 0 + p - p**2 - 2. Suppose -4*g = -5*f - 149 + 95, f + 7 = -3*g. What is x(g)?
8
Let v(b) = 1 + 5*b**3 + 3*b**3 + 3*b**3 - b. Suppose 17*g + 534 = 551. What is v(g)?
11
Let w(q) = 3 + 3 + 2*q - 1. Let z = -107 - -116. Suppose 0 = z*r + 33 + 21. What is w(r)?
-7
Let q(h) = -h**2 + 4*h + 17. Let k = -3594 - -3601. Calculate q(k).
-4
Let z be 2*(0 - (-2)/2). Let m(b) = b**2 + 5*b + 7. Let u = -108 + 102. Let c(y) = y**2 + 4*y + 6. Let d(v) = u*c(v) + 5*m(v). What is d(z)?
-3
Suppose 10*m - 5*m = -z - 8, 0 = -z + 5*m + 12. Let i(n) = 4 - z + 13 + 2*n**2 - 3*n**2 - 7*n. Determine i(-9).
-3
Suppose 54*a = 18*a - 7*a. Let m(k) = 2 - 7 + 6 + a + k**2 + 8*k - 6. Determine m(-9).
4
Let o be (-12)/28 + (-20)/35. Let h be o - 5*(-4)/(-20). Let i(t) = -9*t**2 + 4*t - 1. Let z(c) = -8*c**2 + 3*c - 1. Let r(f) = 5*i(f) - 6*z(f). Give r(h).
9
Let v(b) = -b**2 + 9*b - 9. Let y = -23 + 24. Suppose g - 14 + y = -3*k, 5*k - 45 = 3*g. Determine v(k).
9
Let i(c) = 9*c + 12. Let v(k) = -5*k - 6. Suppose 0 = 7*p + 48 - 6. Let g(y) = p*i(y) - 11*v(y). Suppose -o - 30 = 4*o. Calculate g(o).
-12
Suppose 144 = 169*a - 157*a. Suppose 9*v - 7*v + 6 = 0, a = -o - 4*v. Let f(z) = 2*z**2 - z + 3. Determine f(o).
3
Let b be (1 - 5 - -4)/1. Suppose b = u - 5*g - 29, -u - 3*u + 5*g = -41. Let p(d) = d**3 - 5*d**2 + 4*d + 3. What is p(u)?
3
Let m(y) = 1 + 1 - 8*y**2 - 4 + 90*y - 4*y**2 - 97*y + 14*y**2. Suppose -5*l + 15 = -10. Determine m(l).
13
Let n(m) = -7*m + 34. Suppose 58*t - 88 - 58 = 260. What is n(t)?
-15
Let z(y) be the third derivative of 31*y**4/24 - 20*y**3/3 + 626*y**2 + y. Give z(5).
115
Let z(o) = -3*o + 11. Let k = -10125 - -10120. Give z(k).
26
Suppose -7*y + 14*y + 441 = 0. Let t = -56 - y. Let c(j) = t*j**2 + 6*j - 13*j - 6*j**3 - 3 + 7*j**3. Determine c(-8).
-11
Let u(q) = 17*q + 15*q - 4*q**2 + 3*q**3 - 45*q + 16*q - 2*q**3. Suppose -4*j = -j - 12. Give u(j).
12
Let b(z) = -z**3 - 8*z**2 - 6*z. Suppose 0 = -4*p - 8, -6 = -17*o + 12*o - 2*p. Suppose 3*w - 29 = o*n, -4*n - 33 = 5*w - 6*w. Determine b(n).
-7
Let s(i) = 1 - 2*i - 8 + 16. Let j = -1054 + 1060. What is s(j)?
-3
Suppose 3*k = -l + k + 11, -3*l + k - 2 = 0. Let d(h) be the third derivative of -5*h**4/8 + h**3/6 - 2*h**2 - 6. Determine d(l).
-14
Let f(r) = r**3 - 48*r**2 + 108*r**2 - 4*r - 5 - 63*r**2. Let m be 5*(28/(-5))/(-7). Determine f(m).
-5
Let b(n) = -40*n + 2. Suppose 18 = -j - 5*f, 2*f + 3*f - 10 = -5*j. Let i(k) = -27*k + 1. Let m(v) = j*i(v) - 5*b(v). Give m(2).
19
Let d(a) = a**2 - a + 3. Let n(m) = -8*m**2 + 11*m - 7. Let g(j) = -14*d(j) - 2*n(j). Determine g(6).
-4
Let f(o) = 3 - 144*o - 2*o**2 + 146*o - 6 + 2*o**2 + 3*o**3. Determine f(1).
2
Suppose -70*y = -7*y - 504. Let r(f) be the third derivative of f**5/60 - f**4/4 - 17*f**3/6 + 25*f**2. What is r(y)?
-1
Let w be (-3 - (0 + -1))/((-10)/25). Suppose -w*h + 0*h + 375 = 0. Let m(d) = -28*d - 20*d + 6 + h*d - 26*d. What is m(-8)?
-2
Suppose 5*v - 17*o + 30 = -12*o, 2*v + 17 = -3*o. Let i(b) = 26*b + 181. Determine i(v).
-1
Suppose 4*c - 3*i + 18 = 0, -1807*c = -1802*c - i + 39. Let g(w) = -w**3 - 12*w**2 - 19*w + 9. What is g(c)?
-63
Let n = -49452 - -49452. Let o be (1/((-1)/4))/(-1). Let r(w) = -3*w**2 + o*w**2 + 1 + w - 4. Determine r(n).
-3
Let o = -6675 - -6687. Let z(p) = -2*p**2 + 13*p + 14. Give z(o).
-118
Let s(j) be the first derivative of j**4/4 - 2*j**3 - j**2 - 5*j - 789. Determine s(6).
-17
Let g(s) = -11 - 151*s**3 + 15 - s**2 + 152*s**3 + 0*s**2 + 4*s**2. Suppose -7*m + 40 = -2*m. Suppose 0 = -4*c + 2*o - 26, 0 = m*c - 4*c - 4*o + 36. Give g(c).
-12
Let c = 60 + -58. Suppose -c*t - 4 = -i - 2, 4*i + 4*t - 8 = 0. Let a(f) = f + 3 + 3*f - 7*f. What is a(i)?
-3
Let o(y) = -3 - 3 + 6*y**2 - 394*y**3 + 2 + 8*y + 393*y**3 - 11*y**2. Let q be ((-8)/(-1))/(1/1). Suppose d - 2 = -q. What is o(d)?
-16
Suppose -12*p + 203 = -97. Suppose 2*a - 4*t - 14 = 0, -p = -7*a + 3*a + 5*t. Let i(w) = -2*w - 7. Determine i(a).
-17
Let b be (0/(-14))/(2 + -4). Let w(r) = r**2 - 4*r + 16. Calculate w(b).
16
Let l be 3 - ((-27)/81)/((-2)/6). Suppose 2*t = -3*t + 30. Let a(r) = 7*r**2 - 9*r + 2. Let y(s) = 8*s**2 - 10*s + 2. Let w(d) = t*a(d) - 5*y(d). What is w(l)?
2
Let r(p) = 7912*p**2 - 22 + 2*p + 15*p - 7913*p**2. Calculate r(7).
48
Suppose 2*w - 4*o = -0*o + 12, 5*w + 4*o = -40. Let v be w/(-6) - (-12)/9. Let k(i) = -i**3 + 3*i**2 - 3*i**v + 4. Calculate k(0).
4
Let u = -2035 - -2040. Let v(y) = -14*y + 64. Give v(u).
-6
Let m(p) = -p**2 + 15*p + 56. Let l be m(-3). Let w(s) = 7*s**3 + 3*s**2 - 4*s + 2. Calculate w(l).
62
Let h(s) be the first derivative of s**2 - 2 - 1/3*s**3 - 1/4*s**4 - 2*s. Let y(b) = 171*b - 682. Let j be y(4). What is h(j)?
-10
Let u(a) = -3*a**3 + 13*a**2 - 8*a. Let v(j) = -13*j**3 + 54*j**2 - 32*j + 1. Let i = 177 - 186. Let d(q) = i*u(q) + 2*v(q). Give d(8).
2
Let w(h) be the third derivative of -h**5/30 - 15*h**2. Let x be 11 - ((-12)/8 + 3/(-6)). Suppose -12*r = -x*r - 2. Give w(r).
-8
Let z(b) be the first derivative of 4*b**2 + 61*b - 2880. Calculate z(-15).
-59
Suppose 8*n = -7*n + 11*n. Suppose -2 = -2*t + 6, -5*g + t + 11 = n. Let w(h) = 2*h**2 - 2*h + 3. Calculate w(g).
15
Let a(w) = 2*w**3 - 2*w**2 - w + 2. Suppose -44 = -4*n + 4*c, -4*n - 5*c = -5*n + 15. Suppose n = 2*m + 2*r, 8*r = 4*m + 13*r - 23. Give a(m).
8
Suppose 158 = 36*o - 58. Let w(t) = t**2 - 9*t + 20. Calculate w(o).
2
Let i(k) be the second derivative of 4*k**3/3 + 45*k**2/2 - 3270*k. What is i(-6)?
-3
Suppose 4 + 10 = 2*f. Let u(i) = 20*i**